17 + h = 4*j. What is the remainder when j is divided by 16?
14
Let d(s) = s**3 - 5*s**2 - 7. Let v = 23 + -13. What is the remainder when d(6) is divided by v?
9
Let j(h) = h**3 - 23*h**2 + 25*h - 2. What is the remainder when j(22) is divided by 11?
9
Let c = -21 + 32. What is the remainder when 19 is divided by c?
8
Let b(v) = -v**2 + 10*v + 1. Let y = -7 + 12. What is the remainder when b(y) is divided by 9?
8
Let v = -29 + 43. Calculate the remainder when 40 is divided by v.
12
Suppose 0 = -x - 2*x + 48. What is the remainder when 31 is divided by x?
15
Let q = 13 + 9. Calculate the remainder when 39 is divided by q.
17
Let r(o) = 12*o - 2. Suppose 0 = 4*l - 2*l - 128. What is the remainder when l is divided by r(2)?
20
Let n = 43 + -21. Let g(p) = p + 12. Calculate the remainder when n is divided by g(0).
10
Suppose 4*o + 46 = -5*n + 181, 5*n = -5*o + 130. Let p be (-2)/3 + (-52)/(-6). What is the remainder when n is divided by (-2)/(-1) + p + 1?
9
Let l = 106 + -76. Let w = 11 - 3. What is the remainder when l is divided by w?
6
Suppose 4*u = 3*t + 149, 5*u + 3*t - 261 = -95. Let v = u + 12. What is the remainder when v is divided by 12?
11
Let b(j) = 35*j**2 + j + 1. Let a be b(-1). Let d = 6 + -4. Suppose -2*r - r = 2*z - 17, d*z - 3*r - a = 0. Calculate the remainder when 25 is divided by z.
12
Suppose -i + 110 = 4*i. Let f(j) = -3*j - 12. What is the remainder when i is divided by f(-8)?
10
What is the remainder when 34 is divided by ((-7)/(-2))/((-2)/(-36)*3)?
13
Let o(h) = -h**2 - 11*h - 9. Calculate the remainder when o(-5) is divided by 11.
10
Suppose -9*h + 71 = -10. Calculate the remainder when 41 is divided by h.
5
Suppose 2*x - 398 = -4*p, -p + 6*p - 5*x - 490 = 0. What is the remainder when p is divided by 34?
31
What is the remainder when 35 is divided by 0 + 1 + 0 + 8?
8
Suppose p - 87 = -5*w, 0 = 4*w - 5*p + 3*p - 64. Suppose -2*n + 2*x + 10 = n, -w = -3*n - 5*x. Calculate the remainder when 13 is divided by n.
1
Let a(o) = o**3 + 9*o**2 + 2. Let p be a(-7). Suppose -3*n - p = -8*n. Suppose 0 = -4*f + 2 + 42. What is the remainder when n is divided by f?
9
Let u = 36 - 13. Calculate the remainder when u is divided by 9.
5
Let v(u) = u**2 - 5*u - 3. Let o be v(6). Suppose -o*f = -1 - 29. Suppose 4*l = 6*l - 36. Calculate the remainder when l is divided by f.
8
Suppose -312 = -5*h - 3*p, -5*h + 320 = -p + 6*p. Suppose 5*i - 71 = k, 3*i + 5*k - h + 23 = 0. What is the remainder when 40 is divided by i?
12
Let v = 12 - 10. Let k(d) = -d**2 + 4*d + 7. Let c be k(5). Suppose -n = -v*n + c. What is the remainder when n is divided by 1?
0
Let k(s) = -s**2 - 10*s - 6. Suppose a - 17 = -3*q, 0 = 2*a - 6*a - 3*q + 104. Let o = a - 19. Calculate the remainder when k(-4) is divided by o.
8
What is the remainder when 1 + (-8)/6 + 14766/207 is divided by 25?
21
Suppose 3*x - 42 = -x + 5*y, -4*x = 3*y - 26. Let j = -7 + x. What is the remainder when 42 is divided by 2 + j + 2 + 6?
9
Let b = 94 + -93. What is the remainder when 8 is divided by b?
0
Let d be (60/6)/(1*2). Suppose -3*f + 2*f + d = 0. Suppose -f*v = -2 - 3. Calculate the remainder when 1 is divided by v.
0
Let l be 2/(-5) + (-60)/(-25). Suppose 14 - 2 = l*b. What is the remainder when 11 is divided by b?
5
Suppose 7 = 3*d - 2. Suppose -i + d = -25. What is the remainder when i is divided by 15?
13
Suppose -26 = 5*k - 4*a - 6, -10 = -k - 2*a. Suppose k = 3*w + 2*d - 59, 4*d + 40 - 141 = -5*w. Calculate the remainder when w is divided by 5.
2
Let c be (11/(-3))/(3/9). Let j(b) = -13*b - 10. Calculate the remainder when j(-4) is divided by ((0 - c)*-1)/(-1).
9
Suppose 48 = -11*k + 14*k. What is the remainder when (2/6)/(3/549) is divided by k?
13
Suppose -72 = 4*q - q. Let p = q + 38. Suppose 0 = -2*g + 11 + 5. Calculate the remainder when p is divided by g.
6
Let f(v) = 0 + 0 - 2*v. Let r be f(1). Let x(z) = 7*z**2 + 2*z + 1. Calculate the remainder when x(r) is divided by 13.
12
Let z(j) = j**2 + 6*j + 9. Calculate the remainder when 74 is divided by z(-8).
24
Let n(p) = p**2 + 2. Calculate the remainder when n(-5) is divided by (-4)/(-12) + (-60)/(-9).
6
Let n(t) = t**2 - 2. Let a be n(-2). Suppose d - 4*d = 3*z - 156, 4*z + 98 = a*d. What is the remainder when d is divided by 13?
12
Let i = -7 - -14. Suppose l - 5*q + 3 = -i, -2*q = 3*l - 55. Calculate the remainder when 27 is divided by l.
12
Suppose 4*b - 8 + 0 = 0. Suppose 5*c + 35 = 5*r, 50 = 5*r - 4*c + b*c. What is the remainder when 22 is divided by r?
10
Let y(v) = -v - 2. Let l be y(-2). Suppose 6*f - 11*f + 185 = l. What is the remainder when f is divided by 8?
5
Suppose -2*v = 4*p - 26, 3*v - 7*v = -2*p - 12. What is the remainder when 8 is divided by v?
3
Let m = -56 - -66. Calculate the remainder when 15 is divided by m.
5
Let n = 3 - -49. Calculate the remainder when n is divided by 11.
8
Suppose -3*s + 139 = 55. Calculate the remainder when s is divided by 15.
13
Let d be (-2 + 49)/(1 + 0). Suppose -4*o + d = -3*i, -4*i + 5 = 4*o - 7. Suppose 30 = z + o. What is the remainder when z is divided by 12?
10
Let h(j) = 68*j**2 + j - 2. What is the remainder when h(1) is divided by 14?
11
Let r = -1 - -3. Suppose -63 = -5*v + r. What is the remainder when v is divided by 5?
3
Suppose 3*x + 5*p = 29 - 463, 3*x - 5*p + 394 = 0. Calculate the remainder when 44 is divided by 1/(-3) - x/9.
14
Let v(z) = 8*z**2 + z - 24. What is the remainder when v(4) is divided by 28?
24
Let w(t) be the first derivative of 7*t**3/3 - 3*t**2/2 + 2*t + 2. Let d = 8 + -6. Calculate the remainder when w(d) is divided by 13.
11
Suppose o = 10 - 5. Suppose -2*h - 8 = 0, -b - 21 = -2*h - 3. Calculate the remainder when (b/3)/((-4)/6) is divided by o.
3
Suppose 0 = -6*w - 13 + 97. Calculate the remainder when 121 is divided by w.
9
Suppose -4 = -3*z - d, -2*d - 4 = 3*z - 3*d. Suppose z*u = -3*u + 45. Calculate the remainder when u is divided by 9.
6
Let q = 164 + -71. Calculate the remainder when q is divided by 24.
21
Suppose 5*b = 3*c + 10, 0 = 5*c + 5*b - 10. Suppose c*i - 19 = -f + 3*i, 5*f - 2*i = 95. What is the remainder when 37 is divided by f?
18
Suppose 0 = 5*g + 2 - 37. Calculate the remainder when (-4 + 2)*104/(-16) is divided by g.
6
Let j = -99 + 62. Let u be ((-106)/8)/(2/(-8)). Let l = j + u. What is the remainder when l is divided by 6?
4
Let l(v) = 4*v - 4*v**2 - v**3 + v**2 + 0*v**3. Let b be l(-4). Let q = 19 + b. Calculate the remainder when q is divided by 7.
5
Let q be (-20)/6*(-18)/15. Suppose 5 = -q*l + 13. Suppose l*h + 2*h - 8 = 0. What is the remainder when h is divided by 1?
0
Let t(m) = 5*m**3 + m**2 - m. Let x be t(1). Suppose -x*b = -0*b + 5. Calculate the remainder when b - -1 - (-26)/2 is divided by 7.
6
Let x(n) = 5*n**2 - n - 1. Suppose -2*w + 9 = -15. Calculate the remainder when x(-3) is divided by w.
11
Suppose -13 = 4*b - 57. Let c = -4 + 5. Suppose -2*r - c + 13 = 0. Calculate the remainder when b is divided by r.
5
Let y(f) = -2*f. Let l(m) = -1. Let g(v) = -6*l(v) - 3*y(v). What is the remainder when g(10) is divided by 23?
20
Let w be (2 + 0)*6/3. Suppose -w*x - 28 = -5*x. What is the remainder when 111 is divided by x?
27
Let i = -67 - -78. What is the remainder when i is divided by 4?
3
Let n = -36 + 54. What is the remainder when 49 is divided by n?
13
Let h(g) = -g**2 - 10*g + 39. Calculate the remainder when h(-10) is divided by 7.
4
Let g(a) = a**3 + 9*a**2 + 8*a + 9. Suppose 2*y = -4*i - 36, 6*y - 2*y + 37 = -3*i. Calculate the remainder when g(i) is divided by 18.
15
Let n(r) = 2*r + 47. Calculate the remainder when n(-6) is divided by 14.
7
Suppose a + a = 90. What is the remainder when a is divided by 23?
22
Let g = 2 - -1. Suppose g = c, -i + 1 = 3*c - 22. Calculate the remainder when 25 is divided by i.
11
Let v be (0/3 - 6)*-2. Suppose r + 3*r = v. Let f = 3 + r. Calculate the remainder when 17 is divided by f.
5
Let u(d) = d**2 - 9*d - 4. Let n = 47 - -109. Suppose 0 = -3*w + 5*m + 156, 3*w + 2*m - n = 0. What is the remainder when w is divided by u(11)?
16
Let m(k) = 11*k + 1. Let v be m(1). Calculate the remainder when 9 is divided by 12*1/v*4.
1
Suppose -2*b - 195 + 15 = 5*l, 20 = 4*b. Let f = l + 55. What is the remainder when 48 is divided by f?
14
Let g(z) = -z**3 + 11*z**2 